- 106 - 80. Let u be (-8)/(-2)*(-7)/(-4). Calculate the greatest common factor of u and r.
7
Let t(g) = 6*g**2 + 58*g + 144. Let x be t(-5). What is the greatest common divisor of 94 and x?
2
Let h be ((-24)/60)/(4/(-30990)*3). Suppose -221 = -6*y + h. What is the highest common divisor of y and 11?
11
Let i be (1 + 2)/3*(-2 + 3). Let v be i + 2 + 1 + 42. Let r = v - 14. Calculate the greatest common factor of r and 8.
8
Let x(o) = -o**2 - 8*o - 2. Let g be x(-7). Suppose 5*d - 214 = 4*b, -118 = -g*d + 5*b + 92. What is the greatest common factor of 207 and d?
23
Let x(j) = j**3 - 11*j + 11. Let r be x(5). Let i(l) = l**2 - 38*l - 359. Let p be i(46). Calculate the greatest common divisor of r and p.
9
Let r be (-50)/(-4)*(-3192)/(-2850). Calculate the highest common divisor of 9058 and r.
14
Suppose -18*z - 9*z = -308 - 3472. Let c = 7 - -21. What is the greatest common divisor of c and z?
28
Let c = 1752 - 1240. Let h = c + 26. Let l = h - 258. Calculate the greatest common divisor of 35 and l.
35
Suppose -12*v + 13*v + 1895 = 3*s, -7*s - 5*v + 4385 = 0. What is the greatest common divisor of 378 and s?
126
Suppose -5*m + 82*r + 1997 = 84*r, -5*r = 3*m - 1202. What is the highest common factor of 323 and m?
19
Suppose 0 = -3*v + 11 - 23. Let j be 345/105 + v/14. What is the highest common factor of j and 123?
3
Let j(c) = 89*c + 93. Let u be j(6). Calculate the greatest common divisor of 57 and u.
57
Suppose -490*h - 86*h = -96768. What is the highest common factor of h and 4008?
24
Suppose -q + 2*u = -13, 2*q + 2*u - 20 = -0*u. Suppose q*f - 6*f = 50. What is the highest common factor of f and 25?
5
Suppose -5*r + 798 = g, -5298 = -5*g + 3*r - 1420. Suppose 3*d + 5*v - g = 82, 3*d = 5*v + 880. Calculate the greatest common factor of 116 and d.
58
Let o(x) = 5*x**2 - 30*x + 59. Let y be o(2). Suppose u - 3*t = 9, -4*u - 4*t = 12 + 16. Let j = y + u. What is the highest common factor of 48 and j?
16
Let v = 6 + 47. Suppose -3*n = -4*d - 46, 3*d + 0*d - v = -4*n. Calculate the greatest common factor of n and 28.
14
Let z be (2736/(-252))/(19/21 - 1). Let g(f) = f**3 + 8*f**2 - 5*f - 2. Let m = -10 - -2. Let h be g(m). Calculate the highest common divisor of z and h.
38
Let y(a) = 2*a**2 - 39*a + 27. Let c be y(19). Suppose 13*d = 5 + c. Calculate the greatest common factor of d and 7.
1
Suppose 5*r - 3 - 2 = 5*a, 4*r = 2*a + 10. Let o be -1 + 22 + (r - 1). Let z be (-12)/(-4) + 1 + 4. Calculate the greatest common factor of o and z.
8
Suppose 5*p - 25 = 0, -8*p - 377 = -6*w - 9*p. What is the greatest common factor of 86 and w?
2
Let q = -1985 + 4928. Calculate the greatest common factor of q and 218.
109
Let n be -3 + 12 - (87 - -6). Let s = n + 390. Calculate the highest common divisor of s and 510.
102
Let s(u) = -u**3 - 4*u**2 - 3*u + 8. Let m be s(-6). Let v = 464 - -148. Let d = v + -598. What is the highest common divisor of m and d?
14
Suppose j - 3*u - 13 = 0, 9*u - 7*u + 13 = j. What is the greatest common divisor of j and 1508?
13
Let t be ((-3)/2)/(48/(-9472)). Suppose t = 21*q - 2917. What is the greatest common divisor of q and 34?
17
Suppose 0 = 2*v - 19 - 171. Let i be (114/99)/(620/10230). Calculate the greatest common divisor of i and v.
19
Let a = -10459 - -10503. What is the highest common factor of a and 4334?
22
Let s be (-10)/80*76*-268. What is the highest common divisor of s and 670?
134
Suppose -5*a = 4*x - 1095, 2*x + 112*a - 108*a = 546. What is the greatest common factor of x and 175?
25
Let p = -33 + 36. Suppose -p*k = -5*f - 104, 0 = -4*k - 0*f - 4*f + 96. Let z be (0 + k - 3)*(-6)/(-5). Calculate the greatest common factor of z and 20.
10
Let i = 256 + -254. Suppose -4*g - g = i*w - 32, 0 = -3*g - 5*w + 23. What is the highest common factor of 48 and g?
6
Let o be -2 + 3 + (3 - -329) + -1. Suppose 4*y + 708 = -3*s, 5*s + o + 877 = 3*y. Let d be (0 - (20 + 1))*s/90. Calculate the highest common divisor of d and 4.
4
Let w(s) = 3*s**2 + 3*s - 1. Let l be w(-4). Let v be 505*1/(-5 + 6). Let h = v + -491. What is the highest common divisor of l and h?
7
Let v(j) be the second derivative of j**5/20 - 5*j**4/6 - 7*j**3/6 + 3*j**2 + 76*j. Let a be v(11). Calculate the greatest common factor of 25 and a.
25
Let o = 0 + 4. Suppose -o*n + 15 = -1. Suppose 93*z = -3*i + 89*z + 55, -62 = 3*i - 5*z. What is the highest common factor of i and n?
1
Let f = 0 + -2. Let p be (-28 + 9)*2/f. Suppose -p*a + 20*a = 4. Calculate the greatest common factor of a and 2.
2
Let u = 177 - 173. Suppose 0 = -u*p + 10*p - 30. What is the greatest common factor of p and 20?
5
Let m be (2/(-6))/((-2)/(-120)*10). Let f be 5 + -5 + 3 - (m - 0). What is the highest common factor of 15 and f?
5
Suppose 0 = 2*f - 4*o - 8, -22*o + 34 = 4*f - 27*o. Calculate the greatest common factor of f and 3232.
16
Let j(t) = 2*t**2 - 3*t - 3. Let y be j(-2). Suppose -2*h + 10*h - 880 = 0. Let a = h - 11. What is the greatest common factor of a and y?
11
Let j(x) = -9*x - 34. Let i be j(-6). Suppose -7*l + 293 = i. What is the greatest common factor of l and 26?
13
Let j be (315/14)/((-6)/(-80)). Let v(o) = -72*o - 2691. Let u be v(-38). What is the highest common divisor of u and j?
15
Suppose p - 2*r - 60 = 13, -p + 59 = 5*r. Suppose -240*k + 241*k - 680 = 2*m, 2085 = 3*k + 3*m. Calculate the greatest common factor of k and p.
69
Let w be (-3)/((15/(-4))/(-5)). Let p(n) = -3*n**3 - 8*n**2 - 10*n - 6. Let t be p(w). Suppose c - 70 = -4*c. Calculate the highest common factor of c and t.
14
Let w be (-20)/(4 - ((-284)/(-70))/1). Let a = w - 163. What is the greatest common divisor of a and 17?
17
Suppose 0 = -3*w - k + 8, 5*k - 1 - 6 = -4*w. Suppose z = 2*j + 2*z - 614, 4*z - 916 = -w*j. What is the greatest common divisor of 28 and j?
28
Let v be ((-84)/35)/((-63)/(-30)) - 127/(-7). Let u be (-6 + 7)*(0 + -1). Let s be (31 - 0) + 2 - u. Calculate the greatest common divisor of s and v.
17
Suppose 389 = 17*t - 393. Let g = t + -41. What is the highest common divisor of g and 185?
5
Let z = -4296 + 4572. What is the highest common divisor of 156 and z?
12
Let a = -64 + 42. Let k = 27 + a. Suppose k*o = -3*b + 149, 3*o - 4 = -o. Calculate the highest common divisor of 120 and b.
24
Let v(g) = -14*g**2 - 382*g - 43. Let m be v(-27). Calculate the greatest common factor of m and 8125.
65
Let w = 503 + -114. Let g = -293 + w. Suppose -108 = -5*j + 2*j. What is the highest common factor of j and g?
12
Suppose 5*t - 75 = -4*b, -2*b = t + 2*b + 1. Suppose -3*m = 2*w - 357, 9 = 3*w - m - 499. What is the highest common factor of w and t?
19
Let p = -48 - -195. Suppose -10*b = -0*b - 980. What is the greatest common divisor of p and b?
49
Suppose -3 = 3*v - 3*b, 20 = 8*b - 3*b. Suppose -v*h + 2024 = h. Calculate the highest common divisor of h and 46.
46
Suppose 0 = -8*i + 54 + 354. Let z(x) = 90*x - 95. Let c be z(2). What is the highest common factor of i and c?
17
Suppose 16*s - 6*s + 193105 = 664455. Calculate the highest common factor of 55 and s.
55
Suppose 3*b = -4*u + 43, -12 + 2 = -2*b. Suppose -u*h - 25 = 10. Let m be 0 + 65 + (-15)/h. Calculate the highest common factor of 4 and m.
4
Let q = -359 - -361. Let z be 6930/33 + -8 + q. Calculate the greatest common divisor of z and 476.
68
Suppose -130340 = -22*g + 35980. What is the greatest common divisor of 168 and g?
168
Let x be (22/4)/((-1)/4). Let b = x + 62. Suppose -o - 20 = -d, -23*d = -21*d + 5*o - 12. Calculate the highest common factor of b and d.
8
Let m = 154 + -4. Let q be (m/375)/((-14)/(-15) - 1). Let k be (3/q)/(-1) - (-516)/8. Calculate the highest common divisor of k and 13.
13
Suppose 45*v - 4463 = -143. Calculate the highest common divisor of v and 4848.
48
Suppose 0 = 65*t - 60*t - 3*o - 402, 0 = t + 2*o - 83. Calculate the greatest common divisor of t and 1026.
27
Suppose -12*a - 46728 = -14*a - 20*a. Calculate the highest common factor of 252 and a.
36
Let a(c) be the third derivative of 7*c**5/12 - c**4/24 - 2*c**3/3 + 17*c**2. Let s be a(-2). Calculate the greatest common divisor of 92 and s.
46
Let k(z) = 9*z - 59. Let p = 120 - 109. Let v be k(p). Suppose 2*g + 2*g - 1280 = 0. What is the highest common factor of v and g?
40
Suppose 14*u + 672 = 18*u. Let o be 32*(468/u + (-2)/7). Sup